{"id":2,"date":"2024-04-24T09:40:30","date_gmt":"2024-04-24T07:40:30","guid":{"rendered":"http:\/\/zombyevent.be\/?page_id=2"},"modified":"2024-05-16T15:34:19","modified_gmt":"2024-05-16T13:34:19","slug":"page-d-exemple","status":"publish","type":"page","link":"https:\/\/zombyevent.be\/","title":{"rendered":"Accueil"},"content":{"rendered":"\t\t<div data-elementor-type=\"wp-page\" data-elementor-id=\"2\" class=\"elementor elementor-2\">\n\t\t\t\t<div class=\"elementor-element elementor-element-6344ccc e-flex e-con-boxed e-con e-parent\" data-id=\"6344ccc\" data-element_type=\"container\">\n\t\t\t\t\t<div class=\"e-con-inner\">\n\t\t\t\t<div class=\"elementor-element elementor-element-7cac886b elementor-widget elementor-widget-text-editor\" data-id=\"7cac886b\" data-element_type=\"widget\" data-widget_type=\"text-editor.default\">\n\t\t\t\t<div class=\"elementor-widget-container\">\n\t\t\t<style>\/*! elementor - v3.21.0 - 08-05-2024 *\/\n.elementor-widget-text-editor.elementor-drop-cap-view-stacked .elementor-drop-cap{background-color:#69727d;color:#fff}.elementor-widget-text-editor.elementor-drop-cap-view-framed .elementor-drop-cap{color:#69727d;border:3px solid;background-color:transparent}.elementor-widget-text-editor:not(.elementor-drop-cap-view-default) .elementor-drop-cap{margin-top:8px}.elementor-widget-text-editor:not(.elementor-drop-cap-view-default) .elementor-drop-cap-letter{width:1em;height:1em}.elementor-widget-text-editor .elementor-drop-cap{float:left;text-align:center;line-height:1;font-size:50px}.elementor-widget-text-editor .elementor-drop-cap-letter{display:inline-block}<\/style>\t\t\t\t<p><strong>Bienvenue chez Zombyevent, votre expert en sonorisation pour mariages, f\u00eates d&#8217;entreprises et spectacles en tout genre !<\/strong><\/p><p>Chez Zombyevent, nous comprenons que chaque \u00e9v\u00e9nement est unique et m\u00e9rite une ambiance sonore et visuelle qui sublime chaque instant. Sp\u00e9cialis\u00e9s dans la sonorisation de mariages, de f\u00eates d&#8217;entreprises ainsi que de spectacles, nous mettons notre expertise et notre passion \u00e0 votre service pour faire de votre \u00e9v\u00e9nement un moment inoubliable.<\/p><p>Que ce soit pour c\u00e9l\u00e9brer l&#8217;union de deux \u00eatres chers ou pour renforcer les liens au sein de votre entreprise, notre \u00e9quipe de professionnels d\u00e9vou\u00e9s s&#8217;engage \u00e0 cr\u00e9er une atmosph\u00e8re sonore parfaite, adapt\u00e9e \u00e0 vos besoins et \u00e0 vos envies. Gr\u00e2ce \u00e0 un mat\u00e9riel de pointe et une ma\u00eetrise technique \u00e9prouv\u00e9e, nous vous garantissons une qualit\u00e9 sonore irr\u00e9prochable, quel que soit le lieu ou le type de votre \u00e9v\u00e9nement.<\/p><p>Faites nous confiance pour transformer vos moments sp\u00e9ciaux en souvenirs m\u00e9morables. Notre objectif est simple : vous offrir une exp\u00e9rience auditive exceptionnelle qui ravira vos invit\u00e9s et marquera les esprits. Contactez-nous d\u00e8s aujourd&#8217;hui pour discuter de votre projet et d\u00e9couvrir comment nous pouvons vous aider \u00e0 r\u00e9aliser l&#8217;\u00e9v\u00e9nement de vos r\u00eaves.<\/p><p>Zombyevent \u2013 Parce que chaque c\u00e9l\u00e9bration m\u00e9rite une sonorisation parfaite.<\/p>\t\t\t\t\t\t<\/div>\n\t\t\t\t<\/div>\n\t\t\t\t\t<\/div>\n\t\t\t\t<\/div>\n\t\t<div class=\"elementor-element elementor-element-e960ec0 e-flex e-con-boxed e-con e-parent\" data-id=\"e960ec0\" data-element_type=\"container\">\n\t\t\t\t\t<div class=\"e-con-inner\">\n\t\t\t\t<div class=\"elementor-element elementor-element-3252eed elementor-widget__width-initial elementor-widget elementor-widget-text-editor\" data-id=\"3252eed\" data-element_type=\"widget\" data-widget_type=\"text-editor.default\">\n\t\t\t\t<div class=\"elementor-widget-container\">\n\t\t\t\t\t\t\t<audio class=\"wp-audio-shortcode\" id=\"audio-2-1\" autoplay preload=\"auto\" style=\"width: 100%;\" controls=\"controls\"><source type=\"audio\/mpeg\" src=\"http:\/\/zombyevent.be\/wp-content\/uploads\/2024\/05\/Intro-Zomby-event-final.mp3?_=1\" \/><a href=\"http:\/\/zombyevent.be\/wp-content\/uploads\/2024\/05\/Intro-Zomby-event-final.mp3\">http:\/\/zombyevent.be\/wp-content\/uploads\/2024\/05\/Intro-Zomby-event-final.mp3<\/a><\/audio>\t\t\t\t\t\t<\/div>\n\t\t\t\t<\/div>\n\t\t\t\t\t<\/div>\n\t\t\t\t<\/div>\n\t\t\t\t<\/div>\n\t\t","protected":false},"excerpt":{"rendered":"<p>Bienvenue chez Zombyevent, votre expert en sonorisation pour mariages, f\u00eates d&#8217;entreprises et spectacles en tout genre ! Chez Zombyevent, nous comprenons que chaque \u00e9v\u00e9nement est unique et m\u00e9rite une ambiance sonore et visuelle qui sublime chaque instant. Sp\u00e9cialis\u00e9s dans la sonorisation de<\/p>\n<p class=\"link-more\"><a class=\"myButt \" href=\"https:\/\/zombyevent.be\/\">READ MORE<\/a><\/p>\n","protected":false},"author":1,"featured_media":0,"parent":0,"menu_order":0,"comment_status":"closed","ping_status":"open","template":"","meta":{"footnotes":""},"class_list":["post-2","page","type-page","status-publish","hentry"],"_links":{"self":[{"href":"https:\/\/zombyevent.be\/index.php?rest_route=\/wp\/v2\/pages\/2","targetHints":{"allow":["GET"]}}],"collection":[{"href":"https:\/\/zombyevent.be\/index.php?rest_route=\/wp\/v2\/pages"}],"about":[{"href":"https:\/\/zombyevent.be\/index.php?rest_route=\/wp\/v2\/types\/page"}],"author":[{"embeddable":true,"href":"https:\/\/zombyevent.be\/index.php?rest_route=\/wp\/v2\/users\/1"}],"replies":[{"embeddable":true,"href":"https:\/\/zombyevent.be\/index.php?rest_route=%2Fwp%2Fv2%2Fcomments&post=2"}],"version-history":[{"count":35,"href":"https:\/\/zombyevent.be\/index.php?rest_route=\/wp\/v2\/pages\/2\/revisions"}],"predecessor-version":[{"id":124,"href":"https:\/\/zombyevent.be\/index.php?rest_route=\/wp\/v2\/pages\/2\/revisions\/124"}],"wp:attachment":[{"href":"https:\/\/zombyevent.be\/index.php?rest_route=%2Fwp%2Fv2%2Fmedia&parent=2"}],"curies":[{"name":"wp","href":"https:\/\/api.w.org\/{rel}","templated":true}]}}